{"id":7,"date":"2020-04-26T07:18:35","date_gmt":"2020-04-26T07:18:35","guid":{"rendered":"http:\/\/www.nadawki.pl\/?page_id=7"},"modified":"2024-02-07T17:28:33","modified_gmt":"2024-02-07T17:28:33","slug":"o-nas","status":"publish","type":"page","link":"https:\/\/www.nadawki.pl\/index.php\/o-nas\/","title":{"rendered":"O nas"},"content":{"rendered":"\n<p>Zarz\u0105d Wsp\u00f3lnoty Mieszkaniowej wybrany na zebraniu 23 stycznia 2024 r. oraz w drodze indywidualnego zbierania g\u0142os\u00f3w po zebraniu:<\/p>\n\n\n\n<p>Urszula Kurzyna<\/p>\n\n\n\n<p>Grzegorz Sawczuk<\/p>\n\n\n\n<p>Wojciech Nierodzik<\/p>\n\n\n\n<p><\/p>\n\n\n\n<p>Podstawowe dane o naszej Wsp\u00f3lnocie Mieszkaniowej:<\/p>\n\n\n\n<ul class=\"wp-block-list\">\n<li>powierzchnia u\u017cytkowa budynk\u00f3w: 10.424,43 m2<\/li>\n<\/ul>\n\n\n\n<ul class=\"wp-block-list\">\n<li>liczba budynk\u00f3w: 5<\/li>\n<\/ul>\n\n\n\n<ul class=\"wp-block-list\">\n<li>liczba klatek schodowych: 10<\/li>\n<\/ul>\n\n\n\n<ul class=\"wp-block-list\">\n<li>liczba pi\u0119ter: 2 budynki 2-pi\u0119trowe z antresolami (razem 3 klatki), 1 budynek 3-pi\u0119trowy (razem 2 klatki), 2 budynki 4-pi\u0119trowe (razem 5 klatek)<\/li>\n<\/ul>\n\n\n\n<ul class=\"wp-block-list\">\n<li>powierzchnia u\u017cytkowa mieszka\u0144\/lokali us\u0142ugowych: 8.498,73 m2<\/li>\n<\/ul>\n\n\n\n<ul class=\"wp-block-list\">\n<li>liczba mieszka\u0144: 136<\/li>\n<\/ul>\n\n\n\n<ul class=\"wp-block-list\">\n<li>liczba lokali us\u0142ugowych: 7<\/li>\n<\/ul>\n\n\n\n<ul class=\"wp-block-list\">\n<li>powierzchnia u\u017cytkowa kom\u00f3rek lokatorskich: 309,93 m2<\/li>\n<\/ul>\n\n\n\n<ul class=\"wp-block-list\">\n<li>liczba kom\u00f3rek lokatorskich: 100<\/li>\n<\/ul>\n\n\n\n<ul class=\"wp-block-list\">\n<li>powierzchnia u\u017cytkowa gara\u017cy podziemnych: 1.615,77 m2<\/li>\n<\/ul>\n\n\n\n<ul class=\"wp-block-list\">\n<li>liczba gara\u017cy: 84<\/li>\n<\/ul>\n\n\n\n<ul class=\"wp-block-list\">\n<li>powierzchnia zabudowy: 3.677,99 m2<\/li>\n<\/ul>\n","protected":false},"excerpt":{"rendered":"<p>Zarz\u0105d Wsp\u00f3lnoty Mieszkaniowej wybrany na zebraniu 23 stycznia 2024 r. oraz w drodze indywidualnego zbierania g\u0142os\u00f3w po zebraniu: Urszula Kurzyna Grzegorz Sawczuk Wojciech Nierodzik Podstawowe dane o naszej Wsp\u00f3lnocie Mieszkaniowej:<\/p>\n","protected":false},"author":1,"featured_media":0,"parent":0,"menu_order":0,"comment_status":"closed","ping_status":"closed","template":"","meta":{"footnotes":""},"class_list":["post-7","page","type-page","status-publish","hentry"],"_links":{"self":[{"href":"https:\/\/www.nadawki.pl\/index.php\/wp-json\/wp\/v2\/pages\/7","targetHints":{"allow":["GET"]}}],"collection":[{"href":"https:\/\/www.nadawki.pl\/index.php\/wp-json\/wp\/v2\/pages"}],"about":[{"href":"https:\/\/www.nadawki.pl\/index.php\/wp-json\/wp\/v2\/types\/page"}],"author":[{"embeddable":true,"href":"https:\/\/www.nadawki.pl\/index.php\/wp-json\/wp\/v2\/users\/1"}],"replies":[{"embeddable":true,"href":"https:\/\/www.nadawki.pl\/index.php\/wp-json\/wp\/v2\/comments?post=7"}],"version-history":[{"count":6,"href":"https:\/\/www.nadawki.pl\/index.php\/wp-json\/wp\/v2\/pages\/7\/revisions"}],"predecessor-version":[{"id":359,"href":"https:\/\/www.nadawki.pl\/index.php\/wp-json\/wp\/v2\/pages\/7\/revisions\/359"}],"wp:attachment":[{"href":"https:\/\/www.nadawki.pl\/index.php\/wp-json\/wp\/v2\/media?parent=7"}],"curies":[{"name":"wp","href":"https:\/\/api.w.org\/{rel}","templated":true}]}}